d r?
2
Suppose 0 = -5*g + 20, -3*a - 3*g - 11 = 76. Let h(y) = y - 32. Let k be h(14). Let p = k - a. What is the greatest common factor of p and 120?
15
Let i(y) = -2*y**3 + 2*y**2 - 2*y - 4. Let c be i(-2). Suppose 5*g - 5*b - 1100 = 0, -2*g - 4*b + 0*b = -416. What is the highest common factor of c and g?
24
Let s(d) = -d + 1. Let v(u) = 8*u - 8. Let m(p) = 6*s(p) + v(p). Let x be m(6). Let z = -51 + 101. Calculate the greatest common divisor of x and z.
10
Let s be 18*(4/12 - 7/(-6)). What is the highest common factor of 189 and s?
27
Let l = -16 + 31. Suppose 2*g + g - l = 0. What is the highest common divisor of g and 1?
1
Suppose 3*u - b = 51, u + 4*b - 2*b = 10. Calculate the highest common factor of 80 and u.
16
Let t(y) = y**2 + 7*y - 12. Let n be (-8)/24 - (-70)/(-6). Let r be t(n). What is the highest common factor of r and 24?
24
Let s = -13 + 21. Suppose 2*x = -x - 369. Let n = x - -179. Calculate the highest common divisor of n and s.
8
Let o(x) = 0*x**2 - 5 + 12*x - 14*x + x**2. Let d be o(-5). What is the highest common factor of 20 and d?
10
Let a = 21 - 33. Let l = -6 - a. Suppose 0 = 2*b - 19 - 41. What is the highest common divisor of l and b?
6
Suppose -3*k + 456 = 2*i, -6*k + 3*k = -i - 465. What is the highest common factor of k and 11?
11
Let z be (-96)/(-18) - (-4)/(-3). Suppose w - z*w + 4*j = -8, 1 = j. Calculate the highest common factor of 2 and w.
2
Let l be (4/8)/(3/288). Suppose 3*u - l - 78 = 0. Suppose 2*m + 14 = 3*m. What is the highest common divisor of m and u?
14
Suppose 30 + 9 = 4*s - n, 2*n = 2. Let l be s + -13 - 5*-3. Calculate the highest common factor of 4 and l.
4
Let h(f) = f**2 - 7*f + 6. Let j(i) = -i**3 + 8*i**2 + 7. Let n be j(8). Let a be h(n). Let p = a + -1. Calculate the highest common divisor of 5 and p.
5
Let i(t) = -t**2 - t. Let c be i(0). Suppose -5*f + 59 + 41 = c. What is the highest common factor of f and 4?
4
Let z = 3 - 6. Let a = z + 6. Suppose -a*p = -3*y - 360, 0*y + 249 = 2*p - 5*y. Calculate the highest common factor of p and 13.
13
Let p(d) = 4*d**2 + 6*d. Let a be p(-4). Suppose -2*m + 24 = -0*m. Let g be 1/(m/15)*4. What is the greatest common factor of a and g?
5
Let j = 24 - 12. Calculate the greatest common factor of 18 and j.
6
Let t = -7 - -5. Let w = 0 - t. Suppose -38 = -w*h + 28. What is the highest common factor of h and 22?
11
Let h(a) = -41*a - 4. Let x be h(-3). Let m = -3 - -6. Suppose -2*g = -2*u + g + 83, -m*u + x = g. What is the highest common divisor of 5 and u?
5
Let m = -1 - -1. Let y be 29 - (-7 + (1 - -3)). Suppose z + 4*t - y = 0, -z + m*z + 17 = -t. Calculate the highest common factor of z and 140.
20
Let k be 2 + -1 + 4*-1. Let v(f) = -8*f - 4. Let x be v(k). Let c be (-4)/6 - (-78)/9. Calculate the highest common factor of c and x.
4
Suppose 3*v = 6*v - 27. Let f(m) = -m**3 + 11*m**2 - 11*m. Let k be f(9). Calculate the greatest common divisor of v and k.
9
Let u be (4/(-5))/(1/(-145)). Suppose -60 - u = -4*c. Let m be (-9)/(-2) - 1/2. Calculate the highest common factor of m and c.
4
Let p be 4/(-26) - 262/(-13). Calculate the highest common factor of p and 180.
20
Let s(z) = -z**2 + 1. Let r(o) = 7*o**2 + 3*o + 6. Let t(y) = r(y) + 6*s(y). Let u be t(-5). What is the greatest common factor of 11 and u?
11
Let n = -9 + 5. Let s be (n - -31)*10/6. Suppose s = 2*z + 3*z. What is the greatest common divisor of 72 and z?
9
Suppose -7*t - 441 = -10*t. Calculate the greatest common divisor of t and 21.
21
Let v be (-2)/5 + 1161/15. Let j(z) = z - 5. Let m be j(12). What is the highest common factor of v and m?
7
Let v = -4 + 7. Suppose 5*x - 14 = -2*n, 0 = -4*n - 6*x + v*x + 42. Suppose 0 = -5*b + 72 + 78. What is the greatest common divisor of b and n?
6
Let n(i) = i**3 - 3*i**2 + 2*i - 1. Let b be n(3). Calculate the highest common divisor of b and 25.
5
Let l = 12 - 20. Let b(n) = -3*n - 5. Let p be b(l). Calculate the highest common divisor of 57 and p.
19
Let g = 17 - 8. Suppose -3*j - 3*m + g = -5*m, -2*j - 5*m = -25. What is the greatest common divisor of j and 10?
5
Let q(m) = -m**3 + 2*m**2 - 2. Let v be q(-2). Calculate the highest common divisor of 28 and v.
14
Let p be (0 - 3)/(4/20). Let r = p - -21. Calculate the highest common factor of r and 4.
2
Suppose -4*i = 5*j - 20, -5 = -3*j - 0*j - i. Let o = 5 - j. Calculate the greatest common factor of o and 1.
1
Let m be 179/4 - (-6)/(-8). Let a = 64 - m. What is the greatest common factor of 40 and a?
20
Let q be (-62)/(-217) + 229/7. What is the highest common factor of 11 and q?
11
Let t(r) = 97*r - 1. Let n be t(1). Calculate the highest common factor of 64 and n.
32
Let l(d) = d**2 - 3*d + 2. Let p be l(7). What is the highest common factor of 20 and p?
10
Suppose 0 = 2*h - 4*r - 18, -5*h - 7*r = -2*r. Suppose 3*j + 19 = 2*v + 3*v, -5*v = h*j - 31. What is the highest common divisor of 3 and j?
1
Suppose 0*r = r. Let o be r/2 - -11 - 1. Calculate the greatest common divisor of o and 80.
10
Suppose 21*u - 684 = 2*u. Suppose 2*f = -f + 12. Calculate the highest common divisor of f and u.
4
Let p be ((-18)/5)/((-27)/90). What is the greatest common divisor of p and 36?
12
Let m(p) = 8*p**3 + p**2 + 2*p + 1. Let a be m(-1). Let q = a + 16. What is the highest common divisor of q and 16?
8
Let b(x) = -x**3 - 5*x**2 + 4*x + 15. Let u be b(-8). What is the greatest common divisor of u and 25?
25
Suppose 5*h - 42 = 108. Let l = 6 + -3. Calculate the greatest common factor of h and l.
3
Let h be 2/(-2) - (-2 + -41). Let l(o) = -2*o - 13. Let f be l(-9). Suppose f*r - 4*r = 28. Calculate the highest common factor of r and h.
14
Let s(f) = f - 5. Let l be s(7). Let i(b) = -l*b - 7*b - 3*b + 3. Let u be i(-6). What is the greatest common factor of u and 25?
25
Suppose -72*j = -67*j - 45. Calculate the highest common factor of 6 and j.
3
Let x(p) = p**2 - p - 9. Let r be x(6). What is the highest common divisor of 3 and r?
3
Let g = -3 + 10. Suppose -g*y = -3*y - 84. Calculate the highest common factor of y and 189.
21
Let x be (2/6)/((-2)/(-18)). Let y = 9 - x. Calculate the highest common divisor of y and 6.
6
Let g(k) = -6*k**3 - 4*k**2 - k + 2. Let i be g(-2). Calculate the greatest common factor of 36 and i.
36
Let s be 26/((-1 - 1)/(-2)). Calculate the greatest common factor of 52 and s.
26
Suppose -5*f + 3*f + 10 = 0. Suppose 2*w = f*w - 42. What is the greatest common divisor of 154 and w?
14
Let a be (3/(6/(-22)))/(-1). Let m be 138/33 - 2/a. Suppose 0 = -m*d + 20, -f - 4*d + 16 + 8 = 0. What is the highest common factor of f and 20?
4
Let j(o) = 5*o**2 + 5*o - 3. Let f be j(-3). Suppose 2*t + 6*g = 3*g + f, -4*t - 2*g + 42 = 0. What is the highest common factor of 27 and t?
9
Let w = -50 - -59. Calculate the highest common factor of w and 99.
9
Let n = -47 - -97. Suppose -2*b = -3*b. Let g be (0 - b) + 2*5. What is the greatest common divisor of g and n?
10
Let y(w) = -w**2 + 14*w + 8. Let v be y(14). Suppose -4 + 6 = u. Let n = u - 1. What is the highest common factor of v and n?
1
Suppose -p = 5*k - 14 - 331, -4*k = -p + 390. Suppose -p = -5*i + 190. Calculate the highest common divisor of i and 14.
14
Let v(p) = 3*p + 2. Let i be v(2). What is the highest common divisor of i and 64?
8
Suppose 0 = -5*a - 5, -2 = 2*i + 2*a - 6. Let h be -2 + -3*(-52)/6. What is the greatest common factor of i and h?
3
Let s be (-32)/(1*-1*(10 + -8)). What is the highest common divisor of 64 and s?
16
Let t = -11 + -13. Let s be ((-42)/t)/((-1)/(-20)). Calculate the greatest common divisor of 14 and s.
7
Suppose 0 = -3*a - 1 + 19. Let h = 86 - 23. Let x = h - 21. Calculate the highest common divisor of a and x.
6
Let x be (-2)/9 - (-276)/27. Let y = 18 - x. What is the highest common divisor of y and 48?
8
Let h(f) = f**2 + f - 1. Let y be h(2). Suppose y*l = 124 - 34. What is the greatest common factor of l and 72?
18
Suppose 0 = -2*u - 2, 3*u = 3*f + u - 53. What is the highest common factor of f and 68?
17
Suppose -5*v = -4*v - 152. Calculate the greatest common factor of v and 19.
19
Suppose -3*h + 18 = 5*t - 34, 3*h - 4*t = 34. Calculate the highest common divisor of 14 and h.
14
Suppose 2 = d - 20. Calculate the highest common divisor of 4 and d.
2
Suppose 3*g - 263 = r, 0*g - r = -4*g + 352. Le